mposite?
False
Is 1731511073 a composite number?
True
Is 282520691 a composite number?
False
Is 13083823 prime?
True
Is 1410734369 prime?
False
Is 3345293893 composite?
True
Is 1188590917 composite?
True
Is 12683637731 a prime number?
False
Is 4800620659 composite?
False
Is 5949439757 a prime number?
True
Is 1547242919 prime?
False
Is 9453630974 a composite number?
True
Is 38602199 a composite number?
True
Is 143300581 a prime number?
True
Is 30675829687 a composite number?
False
Is 1817859319 a prime number?
True
Is 114050347 composite?
False
Is 39681890987 a prime number?
True
Is 526573263 a prime number?
False
Is 1669592429 prime?
False
Is 32943577903 composite?
False
Is 695718343 a composite number?
False
Is 1805318777 prime?
True
Is 2026066171 a prime number?
False
Is 1815314069 a prime number?
True
Is 18405963503 composite?
True
Is 63588454171 a prime number?
False
Is 1080159289 a prime number?
False
Is 197528557 a composite number?
False
Is 51173280757 composite?
False
Is 726010327 composite?
True
Is 63148655 prime?
False
Is 772597303 prime?
False
Is 18569479841 a prime number?
False
Is 20806096007 prime?
False
Is 3259577989 a composite number?
True
Is 74456753079 prime?
False
Is 806171813 composite?
False
Is 141731159 a composite number?
True
Is 109582601 a composite number?
True
Is 2753423891 a prime number?
True
Is 38024014859 a prime number?
True
Is 643067693 prime?
True
Is 8157439109 a composite number?
False
Is 1757389853 composite?
False
Is 118639351 a prime number?
False
Is 1383614743 prime?
False
Is 132206614447 composite?
True
Is 89275749799 composite?
True
Is 673235767 composite?
False
Is 23675379691 composite?
False
Is 3209765737 prime?
True
Is 271825888751 composite?
True
Is 121972649 a composite number?
False
Is 6956877401 a prime number?
True
Is 199065102943 a composite number?
True
Is 30831573679 composite?
True
Is 1913211347 a composite number?
True
Is 1722107083 a composite number?
True
Is 6676846003 prime?
False
Is 8426946407 a prime number?
False
Is 1422725987 a prime number?
True
Is 39575949157 a composite number?
False
Is 347787607 prime?
False
Is 2330317367 a prime number?
False
Is 1409205647 a composite number?
False
Is 3201805123 prime?
False
Is 64984709 composite?
False
Is 1026235261 composite?
False
Is 15702967205 a composite number?
True
Is 598076387 prime?
True
Is 24786391559 composite?
False
Is 3523556791 a composite number?
False
Is 54418857221 a prime number?
False
Is 726510779 composite?
False
Is 5144247319 a composite number?
True
Is 4871082163 prime?
False
Is 11169999457 a composite number?
False
Is 78824851381 composite?
True
Is 54315653 a prime number?
False
Is 587590379 a prime number?
False
Is 327984387 composite?
True
Is 710852999 a composite number?
True
Is 719033701 prime?
False
Is 202162119 a prime number?
False
Is 74974187 a composite number?
False
Is 773491423 composite?
False
Is 9652539151 composite?
True
Is 374921359 a composite number?
False
Is 10534324739 composite?
False
Is 1056446711 composite?
True
Is 283728979 a prime number?
False
Is 14449857154 a prime number?
False
Is 310865431 composite?
False
Is 28583831483 a composite number?
True
Is 647169103 composite?
True
Is 960961539 prime?
False
Is 3985676251 a prime number?
False
Is 62649313 prime?
False
Is 5318170493 a prime number?
False
Is 67185370397 composite?
False
Is 1515768082 prime?
False
Is 16554071797 composite?
True
Is 2132216657 prime?
True
Is 27102209719 a prime number?
False
Is 2380406801 prime?
True
Is 1142925689 prime?
False
Is 3986361581 prime?
True
Is 679548689 composite?
False
Is 1443822817 a composite number?
False
Is 4715998841 prime?
True
Is 1201167503 composite?
False
Is 197940451 a prime number?
False
Is 677528327 composite?
True
Is 2763374147 composite?
True
Is 665808547 prime?
False
Is 5035210907 prime?
False
Is 319271163331 composite?
False
Is 1237459511 a composite number?
False
Is 2882096183 a prime number?
False
Is 30588512189 prime?
True
Is 475650023 a prime number?
False
Is 191762731 a prime number?
False
Is 1721982793 a composite number?
True
Is 1458507923 a prime number?
True
Is 488288137 prime?
False
Is 1538850611 composite?
True
Is 7849996031 a prime number?
True
Is 11957162219 a composite number?
False
Is 19057956523 composite?
True
Is 13792348039 composite?
False
Is 13172044879 a composite number?
True
Is 4388989133 a prime number?
True
Is 4836667081 composite?
False
Is 183678090991 prime?
True
Is 788289023 a prime number?
False
Is 1734144883 a composite number?
False
Is 518768247 a composite number?
True
Is 765219349 a composite number?
True
Is 40556899037 a composite number?
False
Is 160838043 composite?
True
Is 6756123851 a prime number?
True
Is 2513077397 composite?
True
Is 6780448651 a composite number?
False
Is 7273661203 prime?
False
Is 7967510879 prime?
True
Is 10321593391 prime?
True
Is 12978575641 a composite number?
False
Is 165337129 a composite number?
False
Is 86219352511 composite?
True
Is 1141677787 composite?
False
Is 1348227937 composite?
True
Is 24481617523 a prime number?
False
Is 4233164333 composite?
True
Is 622992061 a composite number?
False
Is 2174807729 prime?
True
Is 182651647391 composite?
False
Is 69968923883 prime?
False
Is 114622861 a composite number?
False
Is 17198674819 a composite number?
True
Is 1069868263 a prime number?
True
Is 2304759673 a composite number?
True
Is 2528220333 a prime number?
False
Is 24671505223 prime?
True
Is 127441555 a prime number?
False
Is 10079710859 composite?
False
Is 3950159333 a prime number?
False
Is 762029413 composite?
False
Is 782527729 a composite number?
False
Is 4992878077 a prime number?
False
Is 1004669426 composite?
True
Is 253094081 prime?
True
Is 1468447 prime?
True
Is 72903774583 composite?
True
Is 24057159837 a prime number?
False
Is 648603869 composite?
False
Is 33707309581 prime?
False
Is 1633617259 composite?
False
Is 154533390619 prime?
True
Is 935870813 a prime number?
True
Is 44595935959 a composite number?
False
Is 17133722809 a composite number?
True
Is 9151613903 prime?
False
Is 14983986137 composite?
True
Is 6405535027 a prime number?
True
Is 9016602541 composite?
True
Is 34573442 a prime number?
False
Is 2476797317 prime?
True
Is 1472626333 composite?
False
Is 12661642709 prime?
True
Is 53115442021 prime?
False
Is 169433087 a prime number?
False
Is 147415069 composite?
False
Is 3088830331 a prime number?
True
Is 227786717 composite?
False
Is 8990534263 prime?
True
Is 44897322679 a prime number?
False
Is 9730209583 a prime number?
False
Is 5495526319 composite?
True
Is 1566989813 prime?
True
Is 272893373 composite?
True
Is 35950560713 prime?
True
Is 64999245529 a prime number?
True
Is 19144587499 composite?
False
Is 280602839 composite?
True
Is 646952861 a composite number?
False
Is 2689362041 a composite number?
False
Is 1384592459 a composite number?
True
Is 11207626133 prime?
False
Is 269875321 a prime number?
False
Is 2513043971 prime?
False
Is 17153686839 a composite number?
True
Is 2299172617 a prime number?
False
Is 2901868481 prime?
True
Is 1558435709 prime?
False
Is 967807301 a prime number?
True
Is 4050522383 composite?
False
Is 529758707 prime?
False
Is 62698133 prime?
False
Is 22674192227 prime?
True
Is 26387953441 a composite number?
True
Is 67715390417 composite?
True
Is 158226014467 a prime number?
True
Is 8408600309 prime?
False
Is 14797397033 composite?
True
Is 8829474947 composite?
False
Is 23695474643 prime?
False
Is 366847253 composite?
True
Is 456837347 prime?
False
Is 269871682777 a composite number?
True
Is 269608849 a prime number?
True
Is 12859648999 a prime number?
False
Is 76211276851 composite?
False
Is 4334162093 a prime number?
False
Is 105364439 prime?
False
Is 23098241659 prime?
True
Is 67255987439 prime?
False
Is 250720345 prime?
False
Is 1971599051 a composite number?
True
Is 5902985967 a composite number?
True
Is 828385393 a prime number?
False
Is 2657557943 composite?
True
Is 699082817 prime?
False
Is 2428693439 composite?
True
Is 306160133 a composite number?
False
Is 5632537711 prime?
True
Is 796224857 composite?
False
Is 17263108061 composite?
False
Is 34722903049 a prime number?
True
Is 5597083417 a composite number?
True
Is 1313017889 prime?
False
Is 228075109 prime?